{"id":49,"date":"2020-09-04T06:43:26","date_gmt":"2020-09-04T09:43:26","guid":{"rendered":"http:\/\/painel.edubas.com\/aldeiaflores\/?page_id=12"},"modified":"2023-05-30T14:58:19","modified_gmt":"2023-05-30T17:58:19","slug":"inicio","status":"publish","type":"page","link":"https:\/\/aldeiaflores.com.br\/","title":{"rendered":"In\u00edcio"},"content":{"rendered":"<div id='full_slider_1'  class='avia-fullwidth-slider main_color avia-shadow   avia-builder-el-0  el_before_av_section  avia-builder-el-first   container_wrap fullsize' style=' '  ><div   data-size='featured_large'  data-lightbox_size='large'  data-animation='fade'  data-conditional_play=''  data-ids='127,149,104,120,124'  data-video_counter='0'  data-autoplay='true'  data-bg_slider='false'  data-slide_height=''  data-handle='av_slideshow_full'  data-interval='5'  data-class=' '  data-el_id=''  data-css_id=''  data-scroll_down=''  data-control_layout='av-control-default'  data-custom_markup=''  data-perma_caption=''  data-autoplay_stopper=''  data-image_attachment=''  data-min_height='0px'  data-src=''  data-position='top left'  data-repeat='no-repeat'  data-attach='scroll'  data-stretch=''  data-default-height='42'  class='avia-slideshow avia-slideshow-1  av-control-default av-default-height-applied avia-slideshow-featured_large av_slideshow_full   avia-fade-slider '  itemprop=\"image\" itemscope=\"itemscope\" itemtype=\"https:\/\/schema.org\/ImageObject\" ><ul class='avia-slideshow-inner ' style='padding-bottom: 42%;' ><li  class=' slide-1 ' ><div data-rel='slideshow-1' class='avia-slide-wrap '   ><div class = \"caption_fullwidth av-slideshow-caption caption_right caption_right_framed caption_framed\"><div class = \"container caption_container\"><div class = \"slideshow_caption\"><div class = \"slideshow_inner_caption\"><div class = \"slideshow_align_caption\"><h2  class='avia-caption-title  '  itemprop=\"name\" >Residencial Morada das Flores<\/h2><div class='avia-caption-content  '  itemprop=\"description\"  ><p>A morada das crian\u00e7as<\/p>\n<\/div><\/div><\/div><\/div><\/div><\/div><img src='https:\/\/aldeiaflores.com.br\/wp-content\/uploads\/2021\/01\/Moradadasflores_0255-1500x630.jpg' width='1500' height='630' title='Moradadasflores_0255' alt=''  itemprop=\"thumbnailUrl\"   \/><\/div><\/li><li  class=' slide-2 ' ><div data-rel='slideshow-1' class='avia-slide-wrap '   ><div class = \"caption_fullwidth av-slideshow-caption caption_right\"><div class = \"container caption_container\"><div class = \"slideshow_caption\"><div class = \"slideshow_inner_caption\"><div class = \"slideshow_align_caption\"><h2  class='avia-caption-title  '  itemprop=\"name\" >Complexo Esportivo Morada das Flores<\/h2><div class='avia-caption-content  '  itemprop=\"description\"  ><p>Aprovamos a constru\u00e7\u00e3o do novo complexo esportivo da Morada das Flores, incluindo uma academia e quadras adicionais.<\/p>\n<\/div><a href='https:\/\/aldeiaflores.com.br\/?page_id=148'  class='avia-slideshow-button avia-button avia-color-light ' data-duration='800' data-easing='easeInOutQuad'>Saiba mais<\/a><\/div><\/div><\/div><\/div><\/div><img src='https:\/\/aldeiaflores.com.br\/wp-content\/uploads\/2023\/05\/WhatsApp-Image-2023-03-16-at-19.58.46-1280x630.jpeg' width='1280' height='630' title='WhatsApp Image 2023-03-16 at 19.58.46' alt=''  itemprop=\"thumbnailUrl\"   \/><\/div><\/li><li  class=' slide-3 ' ><div data-rel='slideshow-1' class='avia-slide-wrap '   ><div class = \"caption_fullwidth av-slideshow-caption caption_right caption_right_framed caption_framed\"><div class = \"container caption_container\"><div class = \"slideshow_caption\"><div class = \"slideshow_inner_caption\"><div class = \"slideshow_align_caption\"><h2  class='avia-caption-title  '  itemprop=\"name\" >Seguran\u00e7a 24 horas<\/h2><div class='avia-caption-content  '  itemprop=\"description\"  ><p>Maior tranquilidade para sua fam\u00edlia<\/p>\n<\/div><\/div><\/div><\/div><\/div><\/div><img src='https:\/\/aldeiaflores.com.br\/wp-content\/uploads\/2021\/01\/Moradadasflores_0104-1500x630.jpg' width='1500' height='630' title='Moradadasflores_0104' alt=''  itemprop=\"thumbnailUrl\"   \/><\/div><\/li><li  class=' slide-4 ' ><div data-rel='slideshow-1' class='avia-slide-wrap '   ><div class = \"caption_fullwidth av-slideshow-caption caption_left caption_left_framed caption_framed\"><div class = \"container caption_container\"><div class = \"slideshow_caption\"><div class = \"slideshow_inner_caption\"><div class = \"slideshow_align_caption\"><h2  class='avia-caption-title  '  itemprop=\"name\" >Lazer e Esportes<\/h2><div class='avia-caption-content  '  itemprop=\"description\"  ><p>Bem estar e sa\u00fade para todas as idades, com uma programa\u00e7\u00e3o completa<\/p>\n<\/div><\/div><\/div><\/div><\/div><\/div><img src='https:\/\/aldeiaflores.com.br\/wp-content\/uploads\/2021\/01\/Moradadasflores_0181-1500x630.jpg' width='1500' height='630' title='Moradadasflores_0181' alt=''  itemprop=\"thumbnailUrl\"   \/><\/div><\/li><li  class=' slide-5 ' ><div data-rel='slideshow-1' class='avia-slide-wrap '   ><div class = \"caption_fullwidth av-slideshow-caption caption_right caption_right_framed caption_framed\"><div class = \"container caption_container\"><div class = \"slideshow_caption\"><div class = \"slideshow_inner_caption\"><div class = \"slideshow_align_caption\"><h2  class='avia-caption-title  '  itemprop=\"name\" >Tranquilidade a 35 Km de S\u00e3o Paulo<\/h2><div class='avia-caption-content  '  itemprop=\"description\"  ><p>Muita natureza, ar puro e qualidade de vida<\/p>\n<\/div><\/div><\/div><\/div><\/div><\/div><img src='https:\/\/aldeiaflores.com.br\/wp-content\/uploads\/2021\/01\/Moradadasflores_0233-1500x630.jpg' width='1500' height='630' title='Moradadasflores_0233' alt=''  itemprop=\"thumbnailUrl\"   \/><\/div><\/li><\/ul><div class='avia-slideshow-arrows avia-slideshow-controls'><a href='#prev' class='prev-slide' aria-hidden='true' data-av_icon='\ue87c' data-av_iconfont='entypo-fontello'>Anterior<\/a><a href='#next' class='next-slide' aria-hidden='true' data-av_icon='\ue87d' data-av_iconfont='entypo-fontello'>Pr\u00f3ximo<\/a><\/div><div class='avia-slideshow-dots avia-slideshow-controls'><a href='#1' class='goto-slide active' >1<\/a><a href='#2' class='goto-slide ' >2<\/a><a href='#3' class='goto-slide ' >3<\/a><a href='#4' class='goto-slide ' >4<\/a><a href='#5' class='goto-slide ' >5<\/a><\/div><\/div><\/div>\n<div id='av_section_1'  class='avia-section main_color avia-section-default avia-no-border-styling  avia-bg-style-parallax  avia-builder-el-1  el_after_av_slideshow_full  el_before_av_section   container_wrap fullsize' style=' '  ><div class='container' ><div class='template-page content  av-content-full alpha units'><div class='post-entry post-entry-type-page post-entry-49'><div class='entry-content-wrapper clearfix'>\n<section class=\"av_textblock_section \"  itemscope=\"itemscope\" itemtype=\"https:\/\/schema.org\/CreativeWork\" ><div class='avia_textblock  '   itemprop=\"text\" ><h3>O Sonho<\/h3>\n<blockquote>\n<p>Um lugar onde n\u00e3o seriam os pr\u00e9dios, e sim as pessoas, o cora\u00e7\u00e3o da mat\u00e9ria. Ruas, Alamedas, flores, verde, muito verde, que seriam para muitas crian\u00e7as a refer\u00eancia a ser preservada para sempre \u2013 sua Terra Natal.<\/p>\n<\/blockquote>\n<p>O Eng\u00ba Yojiro Takaoka queria que \u201cAldeia da Serra fosse um lugar tranq\u00fcilo, buc\u00f3lico, onde as pessoas se sentissem bem e em contato com a natureza\u201d (T.C.V. Takaoka). Depois de ter consolidado Alphaville e Toque-toque Pequeno, foi com este pensamento que se iniciou Aldeia. No come\u00e7o, construindo a estrada que nos serve e, tamb\u00e9m, um estudo sobre a capacidade h\u00eddrica das minas de Aldeia da Serra, chegando \u00e0 conclus\u00e3o que se tinha capacidade para 3.500 lotes.<\/p>\n<p>Eng\u00ba Marcelo Takaoka, filho de Yojiro, comenta: \u201cestrategicamente, meu pai projetou Aldeia da Serra com um pequeno centro, rodeado pelos residenciais. N\u00e3o d\u00e1 para crescer para nenhum lado, ao contr\u00e1rio da regi\u00e3o de Alphaville, que vai soltando ramos. Aldeia j\u00e1 est\u00e1 fechada. Quem construir vai construir de costas para os residenciais, desconectado e fora dos muros de seguran\u00e7a\u201d.<\/p>\n<\/div><\/section>\n\n<\/div><\/div><\/div><!-- close content main div --><\/div><\/div><div id='av_section_2'  class='avia-section main_color avia-section-no-padding avia-no-border-styling  avia-full-stretch av-parallax-section avia-bg-style-parallax  avia-builder-el-3  el_after_av_section  el_before_av_section   av-minimum-height av-minimum-height-50  container_wrap fullsize' style=' '  data-section-bg-repeat='stretch' data-av_minimum_height_pc='50'><div class='av-parallax' data-avia-parallax-ratio='0.3' ><div class='av-parallax-inner main_color  avia-full-stretch' style = 'background-repeat: no-repeat; background-image: url(https:\/\/aldeiaflores.com.br\/wp-content\/uploads\/2021\/01\/Moradadasflores_0094-1030x687.jpg);background-attachment: scroll; background-position: center center; ' ><\/div><\/div><div class='container' ><div class='template-page content  av-content-full alpha units'><div class='post-entry post-entry-type-page post-entry-49'><div class='entry-content-wrapper clearfix'>\n<\/div><\/div><\/div><!-- close content main div --><\/div><\/div><div id='av_section_3'  class='avia-section main_color avia-section-default avia-no-border-styling  avia-bg-style-scroll  avia-builder-el-4  el_after_av_section  el_before_av_section   container_wrap fullsize' style=' '  ><div class='container' ><div class='template-page content  av-content-full alpha units'><div class='post-entry post-entry-type-page post-entry-49'><div class='entry-content-wrapper clearfix'>\n<section class=\"av_textblock_section \"  itemscope=\"itemscope\" itemtype=\"https:\/\/schema.org\/CreativeWork\" ><div class='avia_textblock  '   itemprop=\"text\" ><h3>O Local<\/h3>\n<p>No bojo de um imenso cintur\u00e3o verde, ar puro de montanha e a 1.050 metros acima do n\u00edvel do mar, surgem as Moradas dos P\u00e1ssaros (1981), Estrelas (1986), Pinheiros (1988), Flores (1991) e Lagos (1995), totalizando 4,5 milh\u00f5es de metros quadrados de extens\u00e3o.<\/p>\n<p>A Morada das Flores seguiu o mesmo desenvolvimento que as outras moradas que a precederam e teve sua sociedade (hoje associa\u00e7\u00e3o) constitu\u00edda, passando-se assim a administra\u00e7\u00e3o da Construtora para os propriet\u00e1rios.<\/p>\n<p>A primeira obra de impacto foi o parquinho, do lado esquerdo de quem entra. Depois vieram a quadra de futebol de areia, a poli esportiva (2002\/2003) e, finalmente, a de t\u00eanis (2003).<\/p>\n<\/div><\/section>\n\n<\/div><\/div><\/div><!-- close content main div --><\/div><\/div><div id='av_section_4'  class='avia-section main_color avia-section-no-padding avia-no-border-styling  avia-full-stretch av-parallax-section avia-bg-style-parallax  avia-builder-el-6  el_after_av_section  el_before_av_section   av-minimum-height av-minimum-height-50  container_wrap fullsize' style=' '  data-section-bg-repeat='stretch' data-av_minimum_height_pc='50'><div class='av-parallax' data-avia-parallax-ratio='0.3' ><div class='av-parallax-inner main_color  avia-full-stretch' style = 'background-repeat: no-repeat; background-image: url(https:\/\/aldeiaflores.com.br\/wp-content\/uploads\/2021\/01\/Moradadasflores_0156-1030x687.jpg);background-attachment: scroll; background-position: bottom center; ' ><\/div><\/div><div class='container' ><div class='template-page content  av-content-full alpha units'><div class='post-entry post-entry-type-page post-entry-49'><div class='entry-content-wrapper clearfix'>\n<\/div><\/div><\/div><!-- close content main div --><\/div><\/div><div id='av_section_5'  class='avia-section main_color avia-section-default avia-no-border-styling  avia-bg-style-scroll  avia-builder-el-7  el_after_av_section  avia-builder-el-last   container_wrap fullsize' style=' '  ><div class='container' ><div class='template-page content  av-content-full alpha units'><div class='post-entry post-entry-type-page post-entry-49'><div class='entry-content-wrapper clearfix'>\n<section class=\"av_textblock_section \"  itemscope=\"itemscope\" itemtype=\"https:\/\/schema.org\/CreativeWork\" ><div class='avia_textblock  '   itemprop=\"text\" ><h3>A Natureza<\/h3>\n<p>Ao longo destes anos houve sempre uma preocupa\u00e7\u00e3o constante com plantio de \u00e1rvores, o que muitas vezes esbarrou no problema do clima e do solo. Devido ao nosso micro clima e \u00e0s caracter\u00edsticas do solo original aqui em Aldeia, esp\u00e9cies como c\u00edtricos t\u00eam grande dificuldade de evolu\u00edrem. N\u00e3o obstante isto, h\u00e1 uma quantidade significativa de \u00e1rvores frut\u00edferas que est\u00e3o se desenvolvendo satisfatoriamente, tais como: pitangueiras, jabuticabeiras, ameixeiras, amoreiras, etc. Quanto \u00e0s arvores ornamentais, temos: flamboians, jacarand\u00e1 mimoso, pl\u00e1tanos, f\u00edcus, resedas, sipipirunas, etc. Aqui toda planta tem que ser muito bem cuidada para evoluir, mas o esfor\u00e7o vale a pena.<\/p>\n<p>Recomenda-se para quem queira mais informa\u00e7\u00f5es sobre o projeto de Aldeia da Serra que leia \u201cO Construtor de Sonhos\u201d, de Yojiro Takaoka. N\u00f3s moramos no Sonho: uma cidadezinha de interior a 35 Km da gigantesca metr\u00f3pole de S\u00e3o Paulo.<\/p>\n<\/div><\/section>\n\n","protected":false},"excerpt":{"rendered":"","protected":false},"author":1,"featured_media":0,"parent":0,"menu_order":0,"comment_status":"closed","ping_status":"closed","template":"","meta":{"footnotes":""},"class_list":["post-49","page","type-page","status-publish","hentry"],"_links":{"self":[{"href":"https:\/\/aldeiaflores.com.br\/index.php?rest_route=\/wp\/v2\/pages\/49","targetHints":{"allow":["GET"]}}],"collection":[{"href":"https:\/\/aldeiaflores.com.br\/index.php?rest_route=\/wp\/v2\/pages"}],"about":[{"href":"https:\/\/aldeiaflores.com.br\/index.php?rest_route=\/wp\/v2\/types\/page"}],"author":[{"embeddable":true,"href":"https:\/\/aldeiaflores.com.br\/index.php?rest_route=\/wp\/v2\/users\/1"}],"replies":[{"embeddable":true,"href":"https:\/\/aldeiaflores.com.br\/index.php?rest_route=%2Fwp%2Fv2%2Fcomments&post=49"}],"version-history":[{"count":4,"href":"https:\/\/aldeiaflores.com.br\/index.php?rest_route=\/wp\/v2\/pages\/49\/revisions"}],"predecessor-version":[{"id":154,"href":"https:\/\/aldeiaflores.com.br\/index.php?rest_route=\/wp\/v2\/pages\/49\/revisions\/154"}],"wp:attachment":[{"href":"https:\/\/aldeiaflores.com.br\/index.php?rest_route=%2Fwp%2Fv2%2Fmedia&parent=49"}],"curies":[{"name":"wp","href":"https:\/\/api.w.org\/{rel}","templated":true}]}}

Início

<div id='full_slider_1'  class='avia-fullwidth-slider main_color avia-shadow   avia-builder-el-0  el_before_av_section  avia-builder-el-first   container_wrap fullsize' style=' '  ><div   data-size='featured_large'  data-lightbox_size='large'  data-animation='fade'  data-conditional_play=''  data-ids='127,149,104,120,124'  data-video_counter='0'  data-autoplay='true'  data-bg_slider='false'  data-slide_height=''  data-handle='av_slideshow_full'  data-interval='5'  data-class=' '  data-el_id=''  data-css_id=''  data-scroll_down=''  data-control_layout='av-control-default'  data-custom_markup=''  data-perma_caption=''  data-autoplay_stopper=''  data-image_attachment=''  data-min_height='0px'  data-src=''  data-position='top left'  data-repeat='no-repeat'  data-attach='scroll'  data-stretch=''  data-default-height='42'  class='avia-slideshow avia-slideshow-1  av-control-default av-default-height-applied avia-slideshow-featured_large av_slideshow_full   avia-fade-slider '  itemprop="image" itemscope="itemscope" itemtype="https://schema.org/ImageObject" ><ul class='avia-slideshow-inner ' style='padding-bottom: 42%;' ><li  class=' slide-1 ' ><div data-rel='slideshow-1' class='avia-slide-wrap '   ><div class = "caption_fullwidth av-slideshow-caption caption_right caption_right_framed caption_framed"><div class = "container caption_container"><div class = "slideshow_caption"><div class = "slideshow_inner_caption"><div class = "slideshow_align_caption"><h2  class='avia-caption-title  '  itemprop="name" >Residencial Morada das Flores</h2><div class='avia-caption-content  '  itemprop="description"  ><p>A morada das crianças</p>
</div></div></div></div></div></div><img src='https://aldeiaflores.com.br/wp-content/uploads/2021/01/Moradadasflores_0255-1500x630.jpg' width='1500' height='630' title='Moradadasflores_0255' alt=''  itemprop="thumbnailUrl"   /></div></li><li  class=' slide-2 ' ><div data-rel='slideshow-1' class='avia-slide-wrap '   ><div class = "caption_fullwidth av-slideshow-caption caption_right"><div class = "container caption_container"><div class = "slideshow_caption"><div class = "slideshow_inner_caption"><div class = "slideshow_align_caption"><h2  class='avia-caption-title  '  itemprop="name" >Complexo Esportivo Morada das Flores</h2><div class='avia-caption-content  '  itemprop="description"  ><p>Aprovamos a construção do novo complexo esportivo da Morada das Flores, incluindo uma academia e quadras adicionais.</p>
</div><a href='https://aldeiaflores.com.br/?page_id=148'  class='avia-slideshow-button avia-button avia-color-light ' data-duration='800' data-easing='easeInOutQuad'>Saiba mais</a></div></div></div></div></div><img src='https://aldeiaflores.com.br/wp-content/uploads/2023/05/WhatsApp-Image-2023-03-16-at-19.58.46-1280x630.jpeg' width='1280' height='630' title='WhatsApp Image 2023-03-16 at 19.58.46' alt=''  itemprop="thumbnailUrl"   /></div></li><li  class=' slide-3 ' ><div data-rel='slideshow-1' class='avia-slide-wrap '   ><div class = "caption_fullwidth av-slideshow-caption caption_right caption_right_framed caption_framed"><div class = "container caption_container"><div class = "slideshow_caption"><div class = "slideshow_inner_caption"><div class = "slideshow_align_caption"><h2  class='avia-caption-title  '  itemprop="name" >Segurança 24 horas</h2><div class='avia-caption-content  '  itemprop="description"  ><p>Maior tranquilidade para sua família</p>
</div></div></div></div></div></div><img src='https://aldeiaflores.com.br/wp-content/uploads/2021/01/Moradadasflores_0104-1500x630.jpg' width='1500' height='630' title='Moradadasflores_0104' alt=''  itemprop="thumbnailUrl"   /></div></li><li  class=' slide-4 ' ><div data-rel='slideshow-1' class='avia-slide-wrap '   ><div class = "caption_fullwidth av-slideshow-caption caption_left caption_left_framed caption_framed"><div class = "container caption_container"><div class = "slideshow_caption"><div class = "slideshow_inner_caption"><div class = "slideshow_align_caption"><h2  class='avia-caption-title  '  itemprop="name" >Lazer e Esportes</h2><div class='avia-caption-content  '  itemprop="description"  ><p>Bem estar e saúde para todas as idades, com uma programação completa</p>
</div></div></div></div></div></div><img src='https://aldeiaflores.com.br/wp-content/uploads/2021/01/Moradadasflores_0181-1500x630.jpg' width='1500' height='630' title='Moradadasflores_0181' alt=''  itemprop="thumbnailUrl"   /></div></li><li  class=' slide-5 ' ><div data-rel='slideshow-1' class='avia-slide-wrap '   ><div class = "caption_fullwidth av-slideshow-caption caption_right caption_right_framed caption_framed"><div class = "container caption_container"><div class = "slideshow_caption"><div class = "slideshow_inner_caption"><div class = "slideshow_align_caption"><h2  class='avia-caption-title  '  itemprop="name" >Tranquilidade a 35 Km de São Paulo</h2><div class='avia-caption-content  '  itemprop="description"  ><p>Muita natureza, ar puro e qualidade de vida</p>
</div></div></div></div></div></div><img src='https://aldeiaflores.com.br/wp-content/uploads/2021/01/Moradadasflores_0233-1500x630.jpg' width='1500' height='630' title='Moradadasflores_0233' alt=''  itemprop="thumbnailUrl"   /></div></li></ul><div class='avia-slideshow-arrows avia-slideshow-controls'><a href='#prev' class='prev-slide' aria-hidden='true' data-av_icon='' data-av_iconfont='entypo-fontello'>Anterior</a><a href='#next' class='next-slide' aria-hidden='true' data-av_icon='' data-av_iconfont='entypo-fontello'>Próximo</a></div><div class='avia-slideshow-dots avia-slideshow-controls'><a href='#1' class='goto-slide active' >1</a><a href='#2' class='goto-slide ' >2</a><a href='#3' class='goto-slide ' >3</a><a href='#4' class='goto-slide ' >4</a><a href='#5' class='goto-slide ' >5</a></div></div></div>
<div id='av_section_1'  class='avia-section main_color avia-section-default avia-no-border-styling  avia-bg-style-parallax  avia-builder-el-1  el_after_av_slideshow_full  el_before_av_section   container_wrap fullsize' style=' '  ><div class='container' ><div class='template-page content  av-content-full alpha units'><div class='post-entry post-entry-type-page post-entry-49'><div class='entry-content-wrapper clearfix'>
<section class="av_textblock_section "  itemscope="itemscope" itemtype="https://schema.org/CreativeWork" ><div class='avia_textblock  '   itemprop="text" ><h3>O Sonho</h3>
<blockquote>
<p>Um lugar onde não seriam os prédios, e sim as pessoas, o coração da matéria. Ruas, Alamedas, flores, verde, muito verde, que seriam para muitas crianças a referência a ser preservada para sempre – sua Terra Natal.</p>
</blockquote>
<p>O Engº Yojiro Takaoka queria que “Aldeia da Serra fosse um lugar tranqüilo, bucólico, onde as pessoas se sentissem bem e em contato com a natureza” (T.C.V. Takaoka). Depois de ter consolidado Alphaville e Toque-toque Pequeno, foi com este pensamento que se iniciou Aldeia. No começo, construindo a estrada que nos serve e, também, um estudo sobre a capacidade hídrica das minas de Aldeia da Serra, chegando à conclusão que se tinha capacidade para 3.500 lotes.</p>
<p>Engº Marcelo Takaoka, filho de Yojiro, comenta: “estrategicamente, meu pai projetou Aldeia da Serra com um pequeno centro, rodeado pelos residenciais. Não dá para crescer para nenhum lado, ao contrário da região de Alphaville, que vai soltando ramos. Aldeia já está fechada. Quem construir vai construir de costas para os residenciais, desconectado e fora dos muros de segurança”.</p>
</div></section>

</div></div></div><!-- close content main div --></div></div><div id='av_section_2'  class='avia-section main_color avia-section-no-padding avia-no-border-styling  avia-full-stretch av-parallax-section avia-bg-style-parallax  avia-builder-el-3  el_after_av_section  el_before_av_section   av-minimum-height av-minimum-height-50  container_wrap fullsize' style=' '  data-section-bg-repeat='stretch' data-av_minimum_height_pc='50'><div class='av-parallax' data-avia-parallax-ratio='0.3' ><div class='av-parallax-inner main_color  avia-full-stretch' style = 'background-repeat: no-repeat; background-image: url(https://aldeiaflores.com.br/wp-content/uploads/2021/01/Moradadasflores_0094-1030x687.jpg);background-attachment: scroll; background-position: center center; ' ></div></div><div class='container' ><div class='template-page content  av-content-full alpha units'><div class='post-entry post-entry-type-page post-entry-49'><div class='entry-content-wrapper clearfix'>
</div></div></div><!-- close content main div --></div></div><div id='av_section_3'  class='avia-section main_color avia-section-default avia-no-border-styling  avia-bg-style-scroll  avia-builder-el-4  el_after_av_section  el_before_av_section   container_wrap fullsize' style=' '  ><div class='container' ><div class='template-page content  av-content-full alpha units'><div class='post-entry post-entry-type-page post-entry-49'><div class='entry-content-wrapper clearfix'>
<section class="av_textblock_section "  itemscope="itemscope" itemtype="https://schema.org/CreativeWork" ><div class='avia_textblock  '   itemprop="text" ><h3>O Local</h3>
<p>No bojo de um imenso cinturão verde, ar puro de montanha e a 1.050 metros acima do nível do mar, surgem as Moradas dos Pássaros (1981), Estrelas (1986), Pinheiros (1988), Flores (1991) e Lagos (1995), totalizando 4,5 milhões de metros quadrados de extensão.</p>
<p>A Morada das Flores seguiu o mesmo desenvolvimento que as outras moradas que a precederam e teve sua sociedade (hoje associação) constituída, passando-se assim a administração da Construtora para os proprietários.</p>
<p>A primeira obra de impacto foi o parquinho, do lado esquerdo de quem entra. Depois vieram a quadra de futebol de areia, a poli esportiva (2002/2003) e, finalmente, a de tênis (2003).</p>
</div></section>

</div></div></div><!-- close content main div --></div></div><div id='av_section_4'  class='avia-section main_color avia-section-no-padding avia-no-border-styling  avia-full-stretch av-parallax-section avia-bg-style-parallax  avia-builder-el-6  el_after_av_section  el_before_av_section   av-minimum-height av-minimum-height-50  container_wrap fullsize' style=' '  data-section-bg-repeat='stretch' data-av_minimum_height_pc='50'><div class='av-parallax' data-avia-parallax-ratio='0.3' ><div class='av-parallax-inner main_color  avia-full-stretch' style = 'background-repeat: no-repeat; background-image: url(https://aldeiaflores.com.br/wp-content/uploads/2021/01/Moradadasflores_0156-1030x687.jpg);background-attachment: scroll; background-position: bottom center; ' ></div></div><div class='container' ><div class='template-page content  av-content-full alpha units'><div class='post-entry post-entry-type-page post-entry-49'><div class='entry-content-wrapper clearfix'>
</div></div></div><!-- close content main div --></div></div><div id='av_section_5'  class='avia-section main_color avia-section-default avia-no-border-styling  avia-bg-style-scroll  avia-builder-el-7  el_after_av_section  avia-builder-el-last   container_wrap fullsize' style=' '  ><div class='container' ><div class='template-page content  av-content-full alpha units'><div class='post-entry post-entry-type-page post-entry-49'><div class='entry-content-wrapper clearfix'>
<section class="av_textblock_section "  itemscope="itemscope" itemtype="https://schema.org/CreativeWork" ><div class='avia_textblock  '   itemprop="text" ><h3>A Natureza</h3>
<p>Ao longo destes anos houve sempre uma preocupação constante com plantio de árvores, o que muitas vezes esbarrou no problema do clima e do solo. Devido ao nosso micro clima e às características do solo original aqui em Aldeia, espécies como cítricos têm grande dificuldade de evoluírem. Não obstante isto, há uma quantidade significativa de árvores frutíferas que estão se desenvolvendo satisfatoriamente, tais como: pitangueiras, jabuticabeiras, ameixeiras, amoreiras, etc. Quanto às arvores ornamentais, temos: flamboians, jacarandá mimoso, plátanos, fícus, resedas, sipipirunas, etc. Aqui toda planta tem que ser muito bem cuidada para evoluir, mas o esforço vale a pena.</p>
<p>Recomenda-se para quem queira mais informações sobre o projeto de Aldeia da Serra que leia “O Construtor de Sonhos”, de Yojiro Takaoka. Nós moramos no Sonho: uma cidadezinha de interior a 35 Km da gigantesca metrópole de São Paulo.</p>
</div></section>
